{"id":2,"date":"2015-01-07T12:44:59","date_gmt":"2015-01-07T12:44:59","guid":{"rendered":"https:\/\/www.aktion-blauer.de\/?page_id=2"},"modified":"2025-09-05T19:43:22","modified_gmt":"2025-09-05T17:43:22","slug":"beispiel-seite","status":"publish","type":"page","link":"https:\/\/www.aktion-blauer.de\/","title":{"rendered":"Herzlich Willkommen"},"content":{"rendered":"<h3>Willkommen auf unserer Internetpr\u00e4senz!<\/h3>\n<h3 align=\"justify\">Sch\u00f6n, dass wir Dich auf\u00a0unserer \u00a0Homepage begr\u00fc\u00dfen d\u00fcrfen!<br \/>\nWir wenden uns an Motorradfahrer\/innen aller Konfessionen, ohne Konfession oder anderen Glaubens\u00a0 und wollen diesen Weg nutzen, um Dich besser \u00fcber uns und unsere Veranstaltungen zu informieren:<\/h3>\n<p>Liebe Bikerin, lieber Biker,<br \/>\nleider muss ich Euch mitteilen, dass wir aufgrund der Schwierigkeiten, die sich im letzten Jahr noch nicht als endg\u00fcltig abgezeichnet hatten, die Gedenkfahrt von K\u00f6ln nach Altenberg nicht mehr durchf\u00fchren k\u00f6nnen.<\/p>\n<p>Wir waren gezwungen unseren Gottesdienst f\u00fcr die verstorbenen Motorradfahrer einschlie\u00dflich des Korsos v\u00f6llig neu zu \u00fcberdenken. Wir haben mittlerweile einen Ort gefunden, an dem wir nicht nur geduldet, sondern sogar willkommen sind. Er liegt jetzt weiter n\u00f6rdlich. F\u00fcr einige mit einer weiteren &#8211; f\u00fcr andere mit einer k\u00fcrzeren Anfahrt verbunden. N\u00e4heres findet Ihr unter Veranstaltungen!<\/p>\n<p>In diesem Jahr werden wir zumindest den Gottesdienst gemeinsam feiern &#8211; ob es in Zukunft noch einen Korso gibt, m\u00fcssen wir im Umfeld des neuen Ziels dann noch sehen.<br \/>\nSo ist es auch hier wie so oft im Leben: Wo sich eine T\u00fcr schlie\u00dft, \u00f6ffnet sich woanders eine neue&#8230; F\u00fcr uns am <strong>4. Oktober 2025 in W\u00fclfrath<\/strong>.<\/p>\n<p>Bis dahin Euch allen: \u201eAllzeit gute Fahrt!\u201c<\/p>\n<p>Euer ABP-Team<\/p>\n<p style=\"text-align: left;\"><strong><em>Da in den letzten Jahren die Portokosten sehr angestiegen sind, m\u00f6chten wir alle diejenigen bitten, die bisher per Post eine Einladung bekommen haben, uns unter ihrem Namen ihre E-Mailadresse mitzuteilen an:\u00a0<\/em><\/strong><br \/>\n<strong><em>ingolf.schulz@ekir.de<\/em><\/strong><\/p>\n","protected":false},"excerpt":{"rendered":"<p>Willkommen auf unserer Internetpr\u00e4senz! Sch\u00f6n, dass wir Dich auf\u00a0unserer \u00a0Homepage begr\u00fc\u00dfen d\u00fcrfen! Wir wenden uns an Motorradfahrer\/innen aller Konfessionen, ohne Konfession oder anderen Glaubens\u00a0 und wollen diesen Weg nutzen, um Dich besser \u00fcber uns und unsere Veranstaltungen zu informieren: Liebe &hellip; <a href=\"https:\/\/www.aktion-blauer.de\/\">Weiterlesen <span class=\"meta-nav\">&rarr;<\/span><\/a><\/p>\n","protected":false},"author":1,"featured_media":0,"parent":0,"menu_order":0,"comment_status":"closed","ping_status":"closed","template":"sidebar-page.php","meta":{"footnotes":""},"class_list":["post-2","page","type-page","status-publish","hentry"],"_links":{"self":[{"href":"https:\/\/www.aktion-blauer.de\/index.php?rest_route=\/wp\/v2\/pages\/2","targetHints":{"allow":["GET"]}}],"collection":[{"href":"https:\/\/www.aktion-blauer.de\/index.php?rest_route=\/wp\/v2\/pages"}],"about":[{"href":"https:\/\/www.aktion-blauer.de\/index.php?rest_route=\/wp\/v2\/types\/page"}],"author":[{"embeddable":true,"href":"https:\/\/www.aktion-blauer.de\/index.php?rest_route=\/wp\/v2\/users\/1"}],"replies":[{"embeddable":true,"href":"https:\/\/www.aktion-blauer.de\/index.php?rest_route=%2Fwp%2Fv2%2Fcomments&post=2"}],"version-history":[{"count":44,"href":"https:\/\/www.aktion-blauer.de\/index.php?rest_route=\/wp\/v2\/pages\/2\/revisions"}],"predecessor-version":[{"id":324,"href":"https:\/\/www.aktion-blauer.de\/index.php?rest_route=\/wp\/v2\/pages\/2\/revisions\/324"}],"wp:attachment":[{"href":"https:\/\/www.aktion-blauer.de\/index.php?rest_route=%2Fwp%2Fv2%2Fmedia&parent=2"}],"curies":[{"name":"wp","href":"https:\/\/api.w.org\/{rel}","templated":true}]}}